5. Let k = -5 + -2. Let m(c) = -17*c - 9. Let u(h) = k*a(h) - 4*m(h). Calculate u(z).
-4
Let f(k) = -4*k**2 + 7*k - 8. Let c(r) be the third derivative of r**5/60 + r**3/6 - 13*r**2. Let a(m) = 3*c(m) + f(m). Give a(5).
5
Let f(u) = -109 + 109 - u**2 + 8*u. Let y be f(9). Let t be (-5)/10 - y/(-2). Let q(k) = k**3 + 4*k**2 - 3*k - 6. Determine q(t).
-16
Suppose 3*p + 5 = 2*x - 21, 2*p - 5*x = -32. Let q(a) = 7*a - 5. Give q(p).
-47
Let a(k) = k**3 - k**2 - k + 8. Let c(f) = -f**2 - 6*f - 2. Let z be c(-2). Suppose -z = 4*h + l + l, 12 = -4*l. Determine a(h).
8
Let f(d) be the second derivative of d**4/12 + 5*d**3/6 + d**2 + 7*d. Let n be f(-5). Suppose -n*t = -0*t + 14. Let v(b) = b**2 + 7*b - 1. Calculate v(t).
-1
Let x(m) be the second derivative of -6*m - 5/6*m**3 - 1/60*m**6 - 1/24*m**4 + 0*m**5 + 0 + 0*m**2. Let k(w) be the second derivative of x(w). What is k(1)?
-7
Let i(x) = -18*x + 21*x**2 + 3*x - 12 + x**3 - 9*x**2 + 23*x. What is i(-11)?
21
Let m(v) = 41 + 37 - 82 + v. Give m(4).
0
Let r(v) = v**3 + 5*v**2 - v + 2. Let i(u) = u**2 - 9*u + 15. Let a be i(5). What is r(a)?
7
Let q(t) be the second derivative of -t**3/2 - 138*t. Determine q(-7).
21
Suppose 22 = -c + 3*u, 3*c + u = 5*c + 54. Let v = c + 32. Let g(x) = -x**3 + 4*x**2 - 2*x + 1. Give g(v).
-7
Let r(t) = -39 + 3*t**2 + 39 - t**2 + 5*t**2. Calculate r(-1).
7
Let j(q) = 586 - 1149 + 5*q + 583. Determine j(-6).
-10
Let v(p) be the first derivative of -1/3*p**3 - 2*p**2 + 32 - 5*p. Determine v(-4).
-5
Let f(w) be the third derivative of -1/120*w**6 + 0*w - 1/12*w**5 + 0 + 1/12*w**4 + 5/6*w**3 - w**2. Calculate f(-5).
-5
Let b = -1363 + 1359. Let x(s) = -s - 2. What is x(b)?
2
Suppose -69 = -11*r + 30. Let l(y) = -y**3 + 9*y**2 - y + 4. Give l(r).
-5
Let d be (-279)/39 + 4/26. Let m(u) = -13*u**2 + 8*u + 5. Let o(l) = 4*l**2 - 2*l - 2. Let b(v) = d*o(v) - 2*m(v). Calculate b(3).
-20
Let a(w) = -3*w - 20. Let f be ((-1 - -19) + -3)/(-1). Let m be a(f). Suppose -2*x - m = 3*x. Let t(u) = u**3 + 5*u**2 + 2*u + 5. Calculate t(x).
-5
Let c(o) = o**2 - 2*o + 2. Suppose 4*g = -3*p + 27, 3 = g - 0*g. Suppose 21 = 5*j + 2*w, 0*j = -j - p*w + 18. Give c(j).
5
Let a(l) = 4*l**2 + 24 + 27 + 2*l + 3*l**2 - 5*l**2 - 53. Let b = -7 + 5. Determine a(b).
2
Let k(u) be the second derivative of -1/2*u**3 - 24*u - 1/3*u**4 + 0 - 1/10*u**5 - 1/2*u**2. Determine k(-2).
5
Let y(p) = p**3 + 4*p**2 + 2*p + 5. Suppose 236*m - 225*m + 44 = 0. Determine y(m).
-3
Suppose -2*t + 4*n = -4, 4*n = -10 - 2. Let m(w) = -2*w**2 - 4*w - 3. What is m(t)?
-19
Let k(d) = 3*d + 5*d - 3 - 5*d. Let w be (0 + 2)*15/2. Let f be ((-20)/w)/((-1)/(-3)). Determine k(f).
-15
Let h = 49 - 45. Let d(m) = 3*m - 1. Give d(h).
11
Let m(v) be the first derivative of v**3/3 + 3*v**2/2 - v - 4. Let q = -9 + 11. Suppose -c = 2 + q. What is m(c)?
3
Let d(m) be the second derivative of 0 + m**2 + 33*m + 7/6*m**3. Give d(-3).
-19
Let w(r) = -3*r + 15. Let z = -115 + 121. Determine w(z).
-3
Suppose 0 = -3*i + 5*n - 18, -2*i + 13 + 0 = 5*n. Let w(g) = -2*g + 5*g**3 - 2*g**3 - 3 + 2. Give w(i).
-2
Let x(v) = 4*v**2 - 3*v**2 + 4*v + 67228 - 67236. Let n(w) = w**3 + 2*w**2 + 2*w - 2. Let c be n(-2). Determine x(c).
4
Let y(p) = -44 + 49 - p**2 - 2. Give y(6).
-33
Let w(f) = -f**2 + 2*f. Let j(o) = 9*o**2 - 14*o + 2. Let y(k) = j(k) + 5*w(k). Calculate y(3).
26
Let p(h) = -h + 18 - 4*h + 7*h - 4*h. Let d be p(6). Let a(f) = -f. What is a(d)?
-6
Let r(n) = -n**2 + n + 2. Let v = 78 - 147. Let p = -29 - v. Let q be (-4)/(-22) + p/22. What is r(q)?
0
Let k(z) = z + 2. Let t be (2 - (-20)/(-8))*-6. Suppose -t*n = 4*i - 51, 5*n - 60 = 5*i - 10. Let h = n - 10. Determine k(h).
5
Let k(x) = x**3 + 2*x - 2. Let j(s) = s**2 + 0*s**2 - 3*s - 2*s + 10*s + 2. Let q be j(-5). Give k(q).
10
Let z(d) be the second derivative of d**5/20 + d**4/2 + 5*d**3/6 - 3*d**2 - d. Suppose 83 = -4*m - q, -3*q + 4*q - 5 = 0. Let h = m - -17. Calculate z(h).
-6
Let q = -276 + 271. Let h(x) = x**3 + 4*x**2 - 6*x. Give h(q).
5
Let b(l) = 4*l - 6*l**2 - 3 - 4*l - l**3 - 5*l - 3. Let p = -28 - -23. Give b(p).
-6
Let c = 100 + -95. Suppose -g - h - 5 = -0*h, -2*h = c*g + 28. Let j(y) be the first derivative of -y**3/3 - 5*y**2/2 - 1. Calculate j(g).
-6
Let n(v) = 5*v**2 - 5*v + 6. Let z(t) = 14*t**2 - 13*t + 19. Let k(m) = -17*n(m) + 6*z(m). Let y(w) = -w**2 + 9*w - 5. Let f be y(7). What is k(f)?
-6
Let g(r) = -8*r + 3. Let n(z) = 16*z - 7. Let x(m) = -5*g(m) - 2*n(m). Suppose 3*s + 3*b = -b - 13, 0 = -2*b - 8. Calculate x(s).
7
Let h(z) = -z + 13. Let g be h(5). Suppose -g*m + 5*m = 6. Let j(f) = -2*f**3 + 2*f**3 + 3*f**2 + f**3 + 2*f - 4*f. Calculate j(m).
8
Let b(v) = v**2 + 3*v - 3. Suppose 5*s + 25 = q, q + 0*q - s - 5 = 0. Suppose q - 3 = -3*t. Suppose 2*g + 5 = -t. Calculate b(g).
-3
Suppose -19 = 4*o + 40*r - 41*r, 0 = o - 4*r + 16. Let v(f) = 2*f**2 - 3*f + 4 - 3*f**2 + 1. Give v(o).
1
Let b(l) = l**2 - l - 7. Let z(h) = 2*h**3 - 6*h**2 - 6*h - 3. Let x be z(4). What is b(x)?
13
Let q(p) = -p + 1. Let f(a) = 12*a - 12. Let m(h) = -f(h) - 10*q(h). What is m(4)?
-6
Let m(z) = -z - 1 - 2*z + 0*z - 3*z. Let t(n) = -8*n - 1. Let o(q) = -5*m(q) + 4*t(q). Give o(7).
-13
Let r(p) = -p**2 - 4*p + 15. Let x(d) = -2*d**2 - 6*d + 31. Let i(a) = 9*r(a) - 4*x(a). What is i(-12)?
11
Suppose x - 140 + 18 = 0. Let h(d) = 59*d + 62*d + 1 - x*d. Calculate h(6).
-5
Let p = 34 + -25. Let d = p - 14. Let z(q) = q**3 + 4*q**2 - 5*q. Give z(d).
0
Let l be (15/((-315)/(-28)))/((-1)/(-3)). Let n(x) = x**3 - 5*x**2 + 4*x + 5. Give n(l).
5
Let t = 5 + 8. Let u = 15 - t. Suppose -u = -d - 0. Let s(x) = -x + 4. Determine s(d).
2
Let c(l) = 6*l - 57. Let v(b) = -18*b + 163. Let i(r) = -17*c(r) - 6*v(r). Let o = -9 + 3. Let a(y) = -7*y + 10. Let d(x) = o*i(x) - 5*a(x). Give d(0).
4
Let v(l) = l**2 - 25*l + 4. Let n be v(25). Let h(u) = -3*u + 12. What is h(n)?
0
Let c(l) = 2*l + 2. Let w be c(2). Suppose -w*a + 3*a - 3 = 0. Let y(s) = 4*s**3 + s. Determine y(a).
-5
Let d(g) be the first derivative of g**3/3 + 17*g**2/2 + 12*g + 2. What is d(-16)?
-4
Let s(r) = 3*r - 6. Let l = 253 - 251. What is s(l)?
0
Let o(r) = -r**2 + 2*r. Let z(h) = 4*h**2 - 25*h - 20. Let i(n) = -6*o(n) - z(n). What is i(-5)?
5
Let v(r) = r**3 + r - 2. Let q be v(0). Suppose 33*p = 30*p + 6. Let m(b) = -8*b**2 + 5*b**2 - p + 4. What is m(q)?
-10
Suppose 29*r - 303 + 71 = 0. Let q(y) = y**3 - 9*y**2 + 7*y + 11. What is q(r)?
3
Let n(m) = -2*m**3 - m**2 + 4*m + 3. Suppose -2*o = -553 + 557. What is n(o)?
7
Let g(u) = 21*u**2 + u. Let r be 4/(-3)*(-3)/(-2) + 3. Calculate g(r).
22
Let y(t) = -4*t - 3. Let d = 8 + 4. Suppose -4*p - d = 2*p. Determine y(p).
5
Suppose -8 - 16 = -2*i. Suppose -6*b = -4*b - i. Let o(f) = f + 3. Calculate o(b).
9
Let x(m) be the first derivative of -m**4/4 - m**3 + 3*m + 4. Suppose 0 = -0*k - 4*k + 48. Let z = -15 + k. Give x(z).
3
Let o(y) be the first derivative of -4*y**3/3 - y + 24. Determine o(1).
-5
Let i(a) = 8 + 7 - 12*a**2 + 64*a - 2*a**3 - 63*a + a**3. Calculate i(-12).
3
Let c(b) = b + 1. Let u(w) = -w**3 + w**2 + w - 1. Let k = -31 - -33. Let m be u(k). Determine c(m).
-2
Let h(d) be the second derivative of 9*d**5/20 - d**4/6 + d**2/2 + d - 7. Let b be (-10)/8 + 2/8. Determine h(b).
-10
Let p(v) be the first derivative of 1/4*v**4 - 3/2*v**2 + 26 + 8*v - 7/3*v**3. Give p(7).
-13
Let b(v) = v**2 + 59*v + 369. Let r be b(-52). Let x(l) = 10 - 3 + l - 1. Calculate x(r).
11
Suppose 6 + 21 = 9*j. Let i(p) = p**2 + p + 1. What is i(j)?
13
Let l = -34 - -52. Let x be (-1)/6 - 87/l. Let n(z) = 2*z**2 + 4 + 0 - 3*z**2 - 5*z + 0. Calculate n(x).
4
Let n(t) = -7*t**2 + t - 1. Let q = -53 + 54. Give n(q).
-7
Let l = 666 - 672. Let d(s) = s**2 + 7*s + 1. Give d(l).
-5
Let j(p) be the first derivative of -2*p**2 - 2/3*p**3 - 4*p + 14. Suppose 0 = -5*x + 2*x - 9. Give j(x).
-10
Let k(v) be the second derivative of v**5/20 + v**4/2 - 3*v**3/2 - 7*v**2 - v - 1. Determine k(-7).
0
Let c = 27 + -24. Let z(m) = -2*m - 7*m**3 - 1 + 2*m**2 + 0*m**c + 8*m**3. Determine z(-2).
3
Let g(n) = -n**3 - 5*n**2 - 4*n - 6. Suppose 2*r - t + 52 = 0, 0 = -4*r + r + 4*t - 73. Let z = r - -23. Calculate g(z).
-6
Let c(v) = -v**2 + 5*v - 7. Suppose -g + 4 = -3*p, -2*g = 5*p - 2*p - 8. Suppose -j + 5 = g*j. Let d(i) = 8*i**